{"id":1159,"date":"2021-01-06T14:37:03","date_gmt":"2021-01-06T14:37:03","guid":{"rendered":"http:\/\/www.leszkft.hu\/wordpress\/?page_id=1159"},"modified":"2021-01-14T18:08:29","modified_gmt":"2021-01-14T18:08:29","slug":"tarsashazak-galeria","status":"publish","type":"page","link":"https:\/\/www.leszkft.hu\/wordpress\/tarsashazak-galeria\/","title":{"rendered":"T\u00e1rsash\u00e1zak gal\u00e9ria"},"content":{"rendered":"<p>Az al\u00e1bbiakban a kezel\u00e9s\u00fcnkben l\u00e9v\u0151 t\u00e1rsash\u00e1zakr\u00f3l tekinthetnek meg \u00f6ssze\u00e1ll\u00edt\u00e1st.<\/p>\n<div id=\"metaslider-id-1179\" style=\"width: 100%;\" class=\"ml-slider-3-108-0 metaslider metaslider-flex metaslider-1179 ml-slider has-dots-nav ms-theme-default\" role=\"region\" aria-label=\"Meg\u00fajul\u00f3 zalaegerszegi t\u00e1rsash\u00e1zak\" data-height=\"768\" data-width=\"1024\">\n    <div id=\"metaslider_container_1179\">\n        <div id=\"metaslider_1179\" class=\"flexslider\">\n            <ul class='slides'>\n                <li style=\"display: block; width: 100%;\" class=\"slide-1189 ms-image \" aria-roledescription=\"slide\" data-date=\"2021-01-06 14:42:10\" data-filename=\"DSC07111-scaled-e1609944091136-1024x768.jpg\" data-slide-type=\"image\"><img loading=\"lazy\" decoding=\"async\" src=\"https:\/\/www.leszkft.hu\/wordpress\/wp-content\/uploads\/2021\/01\/DSC07111-scaled-e1609944091136-1024x768.jpg\" height=\"768\" width=\"1024\" alt=\"\" class=\"slider-1179 slide-1189 msDefaultImage\" title=\"DSC07111\" \/><\/li>\n                <li style=\"display: none; width: 100%;\" class=\"slide-1191 ms-image \" aria-roledescription=\"slide\" data-date=\"2021-01-06 14:42:10\" data-filename=\"DSC07114-scaled-1024x768.jpg\" data-slide-type=\"image\"><img loading=\"lazy\" decoding=\"async\" src=\"https:\/\/www.leszkft.hu\/wordpress\/wp-content\/uploads\/2021\/01\/DSC07114-scaled-1024x768.jpg\" height=\"768\" width=\"1024\" alt=\"\" class=\"slider-1179 slide-1191 msDefaultImage\" title=\"DSC07114\" \/><\/li>\n                <li style=\"display: none; width: 100%;\" class=\"slide-1315 ms-image \" aria-roledescription=\"slide\" data-date=\"2021-01-14 18:06:58\" data-filename=\"DSC07197-1024x768.jpg\" data-slide-type=\"image\"><img loading=\"lazy\" decoding=\"async\" src=\"https:\/\/www.leszkft.hu\/wordpress\/wp-content\/uploads\/2021\/01\/DSC07197-1024x768.jpg\" height=\"768\" width=\"1024\" alt=\"\" class=\"slider-1179 slide-1315 msDefaultImage\" title=\"DSC07197\" \/><\/li>\n                <li style=\"display: none; width: 100%;\" class=\"slide-1319 ms-image \" aria-roledescription=\"slide\" data-date=\"2021-01-14 18:06:58\" data-filename=\"DSC07194-609x456.jpg\" data-slide-type=\"image\"><img loading=\"lazy\" decoding=\"async\" src=\"https:\/\/www.leszkft.hu\/wordpress\/wp-content\/uploads\/2021\/01\/DSC07194-609x456.jpg\" height=\"768\" width=\"1024\" alt=\"\" class=\"slider-1179 slide-1319 msDefaultImage\" title=\"DSC07194\" \/><\/li>\n                <li style=\"display: none; width: 100%;\" class=\"slide-1321 ms-image \" aria-roledescription=\"slide\" data-date=\"2021-01-14 18:06:58\" data-filename=\"DSC07229-609x456.jpg\" data-slide-type=\"image\"><img loading=\"lazy\" decoding=\"async\" src=\"https:\/\/www.leszkft.hu\/wordpress\/wp-content\/uploads\/2021\/01\/DSC07229-609x456.jpg\" height=\"768\" width=\"1024\" alt=\"\" class=\"slider-1179 slide-1321 msDefaultImage\" title=\"DSC07229\" \/><\/li>\n                <li style=\"display: none; width: 100%;\" class=\"slide-1323 ms-image \" aria-roledescription=\"slide\" data-date=\"2021-01-14 18:06:58\" data-filename=\"DSC07227-1024x768.jpg\" data-slide-type=\"image\"><img loading=\"lazy\" decoding=\"async\" src=\"https:\/\/www.leszkft.hu\/wordpress\/wp-content\/uploads\/2021\/01\/DSC07227-1024x768.jpg\" height=\"768\" width=\"1024\" alt=\"\" class=\"slider-1179 slide-1323 msDefaultImage\" title=\"DSC07227\" \/><\/li>\n                <li style=\"display: none; width: 100%;\" class=\"slide-1325 ms-image \" aria-roledescription=\"slide\" data-date=\"2021-01-14 18:06:58\" data-filename=\"DSC07223-1024x768.jpg\" data-slide-type=\"image\"><img loading=\"lazy\" decoding=\"async\" src=\"https:\/\/www.leszkft.hu\/wordpress\/wp-content\/uploads\/2021\/01\/DSC07223-1024x768.jpg\" height=\"768\" width=\"1024\" alt=\"\" class=\"slider-1179 slide-1325 msDefaultImage\" title=\"DSC07223\" \/><\/li>\n                <li style=\"display: none; width: 100%;\" class=\"slide-1327 ms-image \" aria-roledescription=\"slide\" data-date=\"2021-01-14 18:06:58\" data-filename=\"DSC07222-1024x768.jpg\" data-slide-type=\"image\"><img loading=\"lazy\" decoding=\"async\" src=\"https:\/\/www.leszkft.hu\/wordpress\/wp-content\/uploads\/2021\/01\/DSC07222-1024x768.jpg\" height=\"768\" width=\"1024\" alt=\"\" class=\"slider-1179 slide-1327 msDefaultImage\" title=\"DSC07222\" \/><\/li>\n                <li style=\"display: none; width: 100%;\" class=\"slide-1329 ms-image \" aria-roledescription=\"slide\" data-date=\"2021-01-14 18:06:58\" data-filename=\"DSC07220-1024x768.jpg\" data-slide-type=\"image\"><img loading=\"lazy\" decoding=\"async\" src=\"https:\/\/www.leszkft.hu\/wordpress\/wp-content\/uploads\/2021\/01\/DSC07220-1024x768.jpg\" height=\"768\" width=\"1024\" alt=\"\" class=\"slider-1179 slide-1329 msDefaultImage\" title=\"DSC07220\" \/><\/li>\n                <li style=\"display: none; width: 100%;\" class=\"slide-1331 ms-image \" aria-roledescription=\"slide\" data-date=\"2021-01-14 18:06:58\" data-filename=\"DSC07203-1024x768.jpg\" data-slide-type=\"image\"><img loading=\"lazy\" decoding=\"async\" src=\"https:\/\/www.leszkft.hu\/wordpress\/wp-content\/uploads\/2021\/01\/DSC07203-1024x768.jpg\" height=\"768\" width=\"1024\" alt=\"\" class=\"slider-1179 slide-1331 msDefaultImage\" title=\"DSC07203\" \/><\/li>\n                <li style=\"display: none; width: 100%;\" class=\"slide-1507 ms-image \" aria-roledescription=\"slide\" data-date=\"2021-01-22 10:15:11\" data-filename=\"DSC07208-1-1024x768.jpg\" data-slide-type=\"image\"><img loading=\"lazy\" decoding=\"async\" src=\"https:\/\/www.leszkft.hu\/wordpress\/wp-content\/uploads\/2021\/01\/DSC07208-1-1024x768.jpg\" height=\"768\" width=\"1024\" alt=\"\" class=\"slider-1179 slide-1507 msDefaultImage\" title=\"DSC07208\" \/><\/li>\n                <li style=\"display: none; width: 100%;\" class=\"slide-1333 ms-image \" aria-roledescription=\"slide\" data-date=\"2021-01-14 18:06:58\" data-filename=\"DSC07201-1024x768.jpg\" data-slide-type=\"image\"><img loading=\"lazy\" decoding=\"async\" src=\"https:\/\/www.leszkft.hu\/wordpress\/wp-content\/uploads\/2021\/01\/DSC07201-1024x768.jpg\" height=\"768\" width=\"1024\" alt=\"\" class=\"slider-1179 slide-1333 msDefaultImage\" title=\"DSC07201\" \/><\/li>\n                <li style=\"display: none; width: 100%;\" class=\"slide-1335 ms-image \" aria-roledescription=\"slide\" data-date=\"2021-01-14 18:06:58\" data-filename=\"DSC07191-Nagy-1024x768.jpg\" data-slide-type=\"image\"><img loading=\"lazy\" decoding=\"async\" src=\"https:\/\/www.leszkft.hu\/wordpress\/wp-content\/uploads\/2021\/01\/DSC07191-Nagy-1024x768.jpg\" height=\"768\" width=\"1024\" alt=\"\" class=\"slider-1179 slide-1335 msDefaultImage\" title=\"DSC07191 (Nagy)\" \/><\/li>\n                <li style=\"display: none; width: 100%;\" class=\"slide-1351 ms-image \" aria-roledescription=\"slide\" data-date=\"2021-01-14 18:17:15\" data-filename=\"DSC07192-Nagy-1024x768.jpg\" data-slide-type=\"image\"><img loading=\"lazy\" decoding=\"async\" src=\"https:\/\/www.leszkft.hu\/wordpress\/wp-content\/uploads\/2021\/01\/DSC07192-Nagy-1024x768.jpg\" height=\"768\" width=\"1024\" alt=\"\" class=\"slider-1179 slide-1351 msDefaultImage\" title=\"DSC07192 (Nagy)\" \/><\/li>\n                <li style=\"display: none; width: 100%;\" class=\"slide-1341 ms-image \" aria-roledescription=\"slide\" data-date=\"2021-01-14 18:06:59\" data-filename=\"DSC07239-1024x768.jpg\" data-slide-type=\"image\"><img loading=\"lazy\" decoding=\"async\" src=\"https:\/\/www.leszkft.hu\/wordpress\/wp-content\/uploads\/2021\/01\/DSC07239-1024x768.jpg\" height=\"768\" width=\"1024\" alt=\"\" class=\"slider-1179 slide-1341 msDefaultImage\" title=\"DSC07239\" \/><\/li>\n                <li style=\"display: none; width: 100%;\" class=\"slide-1343 ms-image \" aria-roledescription=\"slide\" data-date=\"2021-01-14 18:06:59\" data-filename=\"DSC07238-1024x768.jpg\" data-slide-type=\"image\"><img loading=\"lazy\" decoding=\"async\" src=\"https:\/\/www.leszkft.hu\/wordpress\/wp-content\/uploads\/2021\/01\/DSC07238-1024x768.jpg\" height=\"768\" width=\"1024\" alt=\"\" class=\"slider-1179 slide-1343 msDefaultImage\" title=\"DSC07238\" \/><\/li>\n                <li style=\"display: none; width: 100%;\" class=\"slide-1353 ms-image \" aria-roledescription=\"slide\" data-date=\"2021-01-14 18:20:46\" data-filename=\"DSC07154-1024x768.jpg\" data-slide-type=\"image\"><img loading=\"lazy\" decoding=\"async\" src=\"https:\/\/www.leszkft.hu\/wordpress\/wp-content\/uploads\/2021\/01\/DSC07154-1024x768.jpg\" height=\"768\" width=\"1024\" alt=\"\" class=\"slider-1179 slide-1353 msDefaultImage\" title=\"DSC07154\" \/><\/li>\n                <li style=\"display: none; width: 100%;\" class=\"slide-1357 ms-image \" aria-roledescription=\"slide\" data-date=\"2021-01-14 18:20:46\" data-filename=\"DSC07155-609x456.jpg\" data-slide-type=\"image\"><img loading=\"lazy\" decoding=\"async\" src=\"https:\/\/www.leszkft.hu\/wordpress\/wp-content\/uploads\/2021\/01\/DSC07155-609x456.jpg\" height=\"768\" width=\"1024\" alt=\"\" class=\"slider-1179 slide-1357 msDefaultImage\" title=\"DSC07155\" \/><\/li>\n                <li style=\"display: none; width: 100%;\" class=\"slide-1359 ms-image \" aria-roledescription=\"slide\" data-date=\"2021-01-14 18:20:46\" data-filename=\"DSC07149-609x456.jpg\" data-slide-type=\"image\"><img loading=\"lazy\" decoding=\"async\" src=\"https:\/\/www.leszkft.hu\/wordpress\/wp-content\/uploads\/2021\/01\/DSC07149-609x456.jpg\" height=\"768\" width=\"1024\" alt=\"\" class=\"slider-1179 slide-1359 msDefaultImage\" title=\"DSC07149\" \/><\/li>\n                <li style=\"display: none; width: 100%;\" class=\"slide-1361 ms-image \" aria-roledescription=\"slide\" data-date=\"2021-01-14 18:20:46\" data-filename=\"DSC07151.jpg\" data-slide-type=\"image\"><img loading=\"lazy\" decoding=\"async\" src=\"https:\/\/www.leszkft.hu\/wordpress\/wp-content\/uploads\/2021\/01\/DSC07151.jpg\" height=\"768\" width=\"1024\" alt=\"\" class=\"slider-1179 slide-1361 msDefaultImage\" title=\"DSC07151\" \/><\/li>\n                <li style=\"display: none; width: 100%;\" class=\"slide-1363 ms-image \" aria-roledescription=\"slide\" data-date=\"2021-01-14 18:20:46\" data-filename=\"DSC07168-1024x768.jpg\" data-slide-type=\"image\"><img loading=\"lazy\" decoding=\"async\" src=\"https:\/\/www.leszkft.hu\/wordpress\/wp-content\/uploads\/2021\/01\/DSC07168-1024x768.jpg\" height=\"768\" width=\"1024\" alt=\"\" class=\"slider-1179 slide-1363 msDefaultImage\" title=\"DSC07168\" \/><\/li>\n                <li style=\"display: none; width: 100%;\" class=\"slide-1365 ms-image \" aria-roledescription=\"slide\" data-date=\"2021-01-14 18:20:46\" data-filename=\"DSC07165.jpg\" data-slide-type=\"image\"><img loading=\"lazy\" decoding=\"async\" src=\"https:\/\/www.leszkft.hu\/wordpress\/wp-content\/uploads\/2021\/01\/DSC07165.jpg\" height=\"768\" width=\"1024\" alt=\"\" class=\"slider-1179 slide-1365 msDefaultImage\" title=\"DSC07165\" \/><\/li>\n                <li style=\"display: none; width: 100%;\" class=\"slide-1367 ms-image \" aria-roledescription=\"slide\" data-date=\"2021-01-14 18:20:46\" data-filename=\"DSC07170.jpg\" data-slide-type=\"image\"><img loading=\"lazy\" decoding=\"async\" src=\"https:\/\/www.leszkft.hu\/wordpress\/wp-content\/uploads\/2021\/01\/DSC07170.jpg\" height=\"768\" width=\"1024\" alt=\"\" class=\"slider-1179 slide-1367 msDefaultImage\" title=\"DSC07170\" \/><\/li>\n                <li style=\"display: none; width: 100%;\" class=\"slide-1543 ms-image \" aria-roledescription=\"slide\" data-date=\"2021-01-28 13:20:10\" data-filename=\"DSC07374.jpg\" data-slide-type=\"image\"><img loading=\"lazy\" decoding=\"async\" src=\"https:\/\/www.leszkft.hu\/wordpress\/wp-content\/uploads\/2021\/01\/DSC07374.jpg\" height=\"768\" width=\"1024\" alt=\"\" class=\"slider-1179 slide-1543 msDefaultImage\" title=\"DSC07374\" \/><\/li>\n                <li style=\"display: none; width: 100%;\" class=\"slide-1544 ms-image \" aria-roledescription=\"slide\" data-date=\"2021-01-28 13:20:10\" data-filename=\"DSC07357.jpg\" data-slide-type=\"image\"><img loading=\"lazy\" decoding=\"async\" src=\"https:\/\/www.leszkft.hu\/wordpress\/wp-content\/uploads\/2021\/01\/DSC07357.jpg\" height=\"768\" width=\"1024\" alt=\"\" class=\"slider-1179 slide-1544 msDefaultImage\" title=\"DSC07357\" \/><\/li>\n                <li style=\"display: none; width: 100%;\" class=\"slide-1545 ms-image \" aria-roledescription=\"slide\" data-date=\"2021-01-28 13:20:10\" data-filename=\"DSC07360-1024x768.jpg\" data-slide-type=\"image\"><img loading=\"lazy\" decoding=\"async\" src=\"https:\/\/www.leszkft.hu\/wordpress\/wp-content\/uploads\/2021\/01\/DSC07360-1024x768.jpg\" height=\"768\" width=\"1024\" alt=\"\" class=\"slider-1179 slide-1545 msDefaultImage\" title=\"DSC07360\" \/><\/li>\n                <li style=\"display: none; width: 100%;\" class=\"slide-1546 ms-image \" aria-roledescription=\"slide\" data-date=\"2021-01-28 13:20:10\" data-filename=\"DSC07384-1024x768.jpg\" data-slide-type=\"image\"><img loading=\"lazy\" decoding=\"async\" src=\"https:\/\/www.leszkft.hu\/wordpress\/wp-content\/uploads\/2021\/01\/DSC07384-1024x768.jpg\" height=\"768\" width=\"1024\" alt=\"\" class=\"slider-1179 slide-1546 msDefaultImage\" title=\"DSC07384\" \/><\/li>\n                <li style=\"display: none; width: 100%;\" class=\"slide-1547 ms-image \" aria-roledescription=\"slide\" data-date=\"2021-01-28 13:20:10\" data-filename=\"DSC07381-1024x768.jpg\" data-slide-type=\"image\"><img loading=\"lazy\" decoding=\"async\" src=\"https:\/\/www.leszkft.hu\/wordpress\/wp-content\/uploads\/2021\/01\/DSC07381-1024x768.jpg\" height=\"768\" width=\"1024\" alt=\"\" class=\"slider-1179 slide-1547 msDefaultImage\" title=\"DSC07381\" \/><\/li>\n                <li style=\"display: none; width: 100%;\" class=\"slide-1548 ms-image \" aria-roledescription=\"slide\" data-date=\"2021-01-28 13:20:10\" data-filename=\"DSC07382.jpg\" data-slide-type=\"image\"><img loading=\"lazy\" decoding=\"async\" src=\"https:\/\/www.leszkft.hu\/wordpress\/wp-content\/uploads\/2021\/01\/DSC07382.jpg\" height=\"768\" width=\"1024\" alt=\"\" class=\"slider-1179 slide-1548 msDefaultImage\" title=\"DSC07382\" \/><\/li>\n                <li style=\"display: none; width: 100%;\" class=\"slide-1549 ms-image \" aria-roledescription=\"slide\" data-date=\"2021-01-28 13:20:10\" data-filename=\"DSC07380-1024x768.jpg\" data-slide-type=\"image\"><img loading=\"lazy\" decoding=\"async\" src=\"https:\/\/www.leszkft.hu\/wordpress\/wp-content\/uploads\/2021\/01\/DSC07380-1024x768.jpg\" height=\"768\" width=\"1024\" alt=\"\" class=\"slider-1179 slide-1549 msDefaultImage\" title=\"DSC07380\" \/><\/li>\n                <li style=\"display: none; width: 100%;\" class=\"slide-1552 ms-image \" aria-roledescription=\"slide\" data-date=\"2021-01-28 13:20:10\" data-filename=\"DSC07367-1024x768.jpg\" data-slide-type=\"image\"><img loading=\"lazy\" decoding=\"async\" src=\"https:\/\/www.leszkft.hu\/wordpress\/wp-content\/uploads\/2021\/01\/DSC07367-1024x768.jpg\" height=\"768\" width=\"1024\" alt=\"\" class=\"slider-1179 slide-1552 msDefaultImage\" title=\"DSC07367\" \/><\/li>\n                <li style=\"display: none; width: 100%;\" class=\"slide-1553 ms-image \" aria-roledescription=\"slide\" data-date=\"2021-01-28 13:20:10\" data-filename=\"DSC07373-1024x768.jpg\" data-slide-type=\"image\"><img loading=\"lazy\" decoding=\"async\" src=\"https:\/\/www.leszkft.hu\/wordpress\/wp-content\/uploads\/2021\/01\/DSC07373-1024x768.jpg\" height=\"768\" width=\"1024\" alt=\"\" class=\"slider-1179 slide-1553 msDefaultImage\" title=\"DSC07373\" \/><\/li>\n                <li style=\"display: none; width: 100%;\" class=\"slide-1554 ms-image \" aria-roledescription=\"slide\" data-date=\"2021-01-28 13:20:10\" data-filename=\"DSC07371-1024x768.jpg\" data-slide-type=\"image\"><img loading=\"lazy\" decoding=\"async\" src=\"https:\/\/www.leszkft.hu\/wordpress\/wp-content\/uploads\/2021\/01\/DSC07371-1024x768.jpg\" height=\"768\" width=\"1024\" alt=\"\" class=\"slider-1179 slide-1554 msDefaultImage\" title=\"DSC07371\" \/><\/li>\n            <\/ul>\n        <\/div>\n        \n    <\/div>\n<\/div>\n","protected":false},"excerpt":{"rendered":"<p>Az al\u00e1bbiakban a kezel\u00e9s\u00fcnkben l\u00e9v\u0151 t\u00e1rsash\u00e1zakr\u00f3l tekinthetnek meg \u00f6ssze\u00e1ll\u00edt\u00e1st.<\/p>\n","protected":false},"author":1,"featured_media":0,"parent":0,"menu_order":0,"comment_status":"closed","ping_status":"closed","template":"","meta":{"footnotes":""},"class_list":["post-1159","page","type-page","status-publish","hentry"],"_links":{"self":[{"href":"https:\/\/www.leszkft.hu\/wordpress\/wp-json\/wp\/v2\/pages\/1159","targetHints":{"allow":["GET"]}}],"collection":[{"href":"https:\/\/www.leszkft.hu\/wordpress\/wp-json\/wp\/v2\/pages"}],"about":[{"href":"https:\/\/www.leszkft.hu\/wordpress\/wp-json\/wp\/v2\/types\/page"}],"author":[{"embeddable":true,"href":"https:\/\/www.leszkft.hu\/wordpress\/wp-json\/wp\/v2\/users\/1"}],"replies":[{"embeddable":true,"href":"https:\/\/www.leszkft.hu\/wordpress\/wp-json\/wp\/v2\/comments?post=1159"}],"version-history":[{"count":0,"href":"https:\/\/www.leszkft.hu\/wordpress\/wp-json\/wp\/v2\/pages\/1159\/revisions"}],"wp:attachment":[{"href":"https:\/\/www.leszkft.hu\/wordpress\/wp-json\/wp\/v2\/media?parent=1159"}],"curies":[{"name":"wp","href":"https:\/\/api.w.org\/{rel}","templated":true}]}}