{"id":1786,"date":"2021-12-27T09:53:30","date_gmt":"2021-12-27T09:53:30","guid":{"rendered":"https:\/\/www.leszkft.hu\/wordpress\/?page_id=1786"},"modified":"2021-12-27T09:53:30","modified_gmt":"2021-12-27T09:53:30","slug":"onkormanyzati-ingatlanok-galeria","status":"publish","type":"page","link":"https:\/\/www.leszkft.hu\/wordpress\/onkormanyzati-ingatlanok-galeria\/","title":{"rendered":"\u00d6nkorm\u00e1nyzati ingatlanok gal\u00e9ria"},"content":{"rendered":"<div id=\"metaslider-id-1777\" style=\"width: 100%;\" class=\"ml-slider-3-108-0 metaslider metaslider-flex metaslider-1777 ml-slider has-dots-nav ms-theme-default\" role=\"region\" aria-label=\"\u00d6nkorm\u00e1nyzati ingatlanok\" data-height=\"768\" data-width=\"1024\">\n    <div id=\"metaslider_container_1777\">\n        <div id=\"metaslider_1777\" class=\"flexslider\">\n            <ul class='slides'>\n                <li style=\"display: block; width: 100%;\" class=\"slide-1778 ms-image \" aria-roledescription=\"slide\" data-date=\"2021-12-27 09:43:00\" data-filename=\"DSC08170-Kozepes.jpg\" data-slide-type=\"image\"><img loading=\"lazy\" decoding=\"async\" src=\"https:\/\/www.leszkft.hu\/wordpress\/wp-content\/uploads\/2021\/10\/DSC08170-Kozepes.jpg\" height=\"768\" width=\"1024\" alt=\"\" class=\"slider-1777 slide-1778 msDefaultImage\" title=\"DSC08170 (K\u00f6zepes)\" \/><\/li>\n                <li style=\"display: none; width: 100%;\" class=\"slide-1779 ms-image \" aria-roledescription=\"slide\" data-date=\"2021-12-27 09:43:00\" data-filename=\"DSC08166-Kozepes.jpg\" data-slide-type=\"image\"><img loading=\"lazy\" decoding=\"async\" src=\"https:\/\/www.leszkft.hu\/wordpress\/wp-content\/uploads\/2021\/10\/DSC08166-Kozepes.jpg\" height=\"768\" width=\"1024\" alt=\"\" class=\"slider-1777 slide-1779 msDefaultImage\" title=\"DSC08166 (K\u00f6zepes)\" \/><\/li>\n                <li style=\"display: none; width: 100%;\" class=\"slide-1780 ms-image \" aria-roledescription=\"slide\" data-date=\"2021-12-27 09:43:00\" data-filename=\"DSC08165-Kozepes.jpg\" data-slide-type=\"image\"><img loading=\"lazy\" decoding=\"async\" src=\"https:\/\/www.leszkft.hu\/wordpress\/wp-content\/uploads\/2021\/10\/DSC08165-Kozepes.jpg\" height=\"768\" width=\"1024\" alt=\"\" class=\"slider-1777 slide-1780 msDefaultImage\" title=\"DSC08165 (K\u00f6zepes)\" \/><\/li>\n                <li style=\"display: none; width: 100%;\" class=\"slide-1781 ms-image \" aria-roledescription=\"slide\" data-date=\"2021-12-27 09:43:00\" data-filename=\"DSC08163-Kozepes.jpg\" data-slide-type=\"image\"><img loading=\"lazy\" decoding=\"async\" src=\"https:\/\/www.leszkft.hu\/wordpress\/wp-content\/uploads\/2021\/10\/DSC08163-Kozepes.jpg\" height=\"768\" width=\"1024\" alt=\"\" class=\"slider-1777 slide-1781 msDefaultImage\" title=\"DSC08163 (K\u00f6zepes)\" \/><\/li>\n                <li style=\"display: none; width: 100%;\" class=\"slide-1782 ms-image \" aria-roledescription=\"slide\" data-date=\"2021-12-27 09:43:00\" data-filename=\"DSC08159-Kozepes.jpg\" data-slide-type=\"image\"><img loading=\"lazy\" decoding=\"async\" src=\"https:\/\/www.leszkft.hu\/wordpress\/wp-content\/uploads\/2021\/10\/DSC08159-Kozepes.jpg\" height=\"768\" width=\"1024\" alt=\"\" class=\"slider-1777 slide-1782 msDefaultImage\" title=\"DSC08159 (K\u00f6zepes)\" \/><\/li>\n                <li style=\"display: none; width: 100%;\" class=\"slide-1783 ms-image \" aria-roledescription=\"slide\" data-date=\"2021-12-27 09:43:00\" data-filename=\"DSC08202-Kozepes.jpg\" data-slide-type=\"image\"><img loading=\"lazy\" decoding=\"async\" src=\"https:\/\/www.leszkft.hu\/wordpress\/wp-content\/uploads\/2021\/10\/DSC08202-Kozepes.jpg\" height=\"768\" width=\"1024\" alt=\"\" class=\"slider-1777 slide-1783 msDefaultImage\" title=\"DSC08202 (K\u00f6zepes)\" \/><\/li>\n                <li style=\"display: none; width: 100%;\" class=\"slide-1784 ms-image \" aria-roledescription=\"slide\" data-date=\"2021-12-27 09:43:00\" data-filename=\"DSC08192-Kozepes.jpg\" data-slide-type=\"image\"><img loading=\"lazy\" decoding=\"async\" src=\"https:\/\/www.leszkft.hu\/wordpress\/wp-content\/uploads\/2021\/10\/DSC08192-Kozepes.jpg\" height=\"768\" width=\"1024\" alt=\"\" class=\"slider-1777 slide-1784 msDefaultImage\" title=\"DSC08192 (K\u00f6zepes)\" \/><\/li>\n                <li style=\"display: none; width: 100%;\" class=\"slide-1785 ms-image \" aria-roledescription=\"slide\" data-date=\"2021-12-27 09:43:00\" data-filename=\"DSC08190-Kozepes.jpg\" data-slide-type=\"image\"><img loading=\"lazy\" decoding=\"async\" src=\"https:\/\/www.leszkft.hu\/wordpress\/wp-content\/uploads\/2021\/10\/DSC08190-Kozepes.jpg\" height=\"768\" width=\"1024\" alt=\"\" class=\"slider-1777 slide-1785 msDefaultImage\" title=\"DSC08190 (K\u00f6zepes)\" \/><\/li>\n            <\/ul>\n        <\/div>\n        \n    <\/div>\n<\/div>\n","protected":false},"excerpt":{"rendered":"","protected":false},"author":1,"featured_media":0,"parent":0,"menu_order":0,"comment_status":"closed","ping_status":"closed","template":"","meta":{"footnotes":""},"class_list":["post-1786","page","type-page","status-publish","hentry"],"_links":{"self":[{"href":"https:\/\/www.leszkft.hu\/wordpress\/wp-json\/wp\/v2\/pages\/1786","targetHints":{"allow":["GET"]}}],"collection":[{"href":"https:\/\/www.leszkft.hu\/wordpress\/wp-json\/wp\/v2\/pages"}],"about":[{"href":"https:\/\/www.leszkft.hu\/wordpress\/wp-json\/wp\/v2\/types\/page"}],"author":[{"embeddable":true,"href":"https:\/\/www.leszkft.hu\/wordpress\/wp-json\/wp\/v2\/users\/1"}],"replies":[{"embeddable":true,"href":"https:\/\/www.leszkft.hu\/wordpress\/wp-json\/wp\/v2\/comments?post=1786"}],"version-history":[{"count":0,"href":"https:\/\/www.leszkft.hu\/wordpress\/wp-json\/wp\/v2\/pages\/1786\/revisions"}],"wp:attachment":[{"href":"https:\/\/www.leszkft.hu\/wordpress\/wp-json\/wp\/v2\/media?parent=1786"}],"curies":[{"name":"wp","href":"https:\/\/api.w.org\/{rel}","templated":true}]}}