{"id":801,"date":"2020-11-12T09:37:19","date_gmt":"2020-11-12T09:37:19","guid":{"rendered":"http:\/\/www.leszkft.hu\/wordpress\/?page_id=801"},"modified":"2026-04-07T09:06:06","modified_gmt":"2026-04-07T09:06:06","slug":"munkashotel","status":"publish","type":"page","link":"https:\/\/www.leszkft.hu\/wordpress\/munkashotel\/","title":{"rendered":""},"content":{"rendered":"\r\n<p><strong>SZOLG\u00c1LTAT\u00c1SOK:<\/strong><br \/>\u2022 177 f\u00e9r\u0151hely t\u00f6bb t\u00edpus\u00fa szob\u00e1ban<br \/>\u2022 24 \u00f3r\u00e1s portaszolg\u00e1lat<br \/>\u2022 elektronikus bel\u00e9ptet\u0151 rendszer<br \/>\u2022 lift \u00e9s modern biztons\u00e1gi berendez\u00e9sek (t\u0171z-, h\u0151- \u00e9s f\u00fcstjelz\u00e9s)<br \/>\u2022 t\u00f6bb t\u00edpusszoba: apartmanok, k\u00e9t \u00e9s n\u00e9gy \u00e1gyas szob\u00e1k, egy \u00e1gyas szob\u00e1k<br \/>\u2022 szintenk\u00e9nt 2 db k\u00f6z\u00f6s konyha, apartmanokban saj\u00e1t konyha<br \/>\u2022 minden szoba saj\u00e1t f\u00fcrd\u0151szob\u00e1val \u00e9s mell\u00e9khelyis\u00e9ggel rendelkezik<br \/>\u2022 k\u00f6z\u00f6ss\u00e9gi helyis\u00e9gek, t\u00e1rgyal\u00f3k, szabadid\u0151s helyis\u00e9g, terasz, saj\u00e1t udvar<br \/>\u2022 sz\u00e9less\u00e1v\u00fa internet (Wifi) \u00e9s TV minden lakr\u00e9szen<br \/>\u2022 \u00e1gynem\u0171 biztos\u00edt\u00e1sa, \u00e9s a k\u00f6z\u00f6s r\u00e9szek takar\u00edt\u00e1sa<br \/>\u2022 d\u00edjmentes parkol\u00e1si lehet\u0151s\u00e9g (korl\u00e1tozottan)<\/p>\r\n<p><strong>EL\u00c9RHET\u0150S\u00c9GEINK:<\/strong><br \/>Telefon: 92\/815-100, Mobil: 20\/229-7762 (\u00e9jjel-nappal)<\/p>\r\n<p>Int\u00e9zm\u00e9nyvezet\u0151: 20\/362-3581 (Munkaid\u0151ben)<br \/>Email: munkashotel@leszkft.hu<\/p>\r\n<p><strong>\u00c1raj\u00e1nlatot szabad kapacit\u00e1s f\u00fcggv\u00e9ny\u00e9ben tudunk adni, k\u00e9rj\u00fck a fenti el\u00e9rhet\u0151s\u00e9geken sz\u00edveskedjenek \u00e9rdekl\u0151dni. K\u00e9pgal\u00e9ri\u00e1nkat az al\u00e1bbiakban tekintheti meg:<\/strong><\/p>\r\n<div id=\"metaslider-id-835\" style=\"width: 100%;\" class=\"ml-slider-3-108-0 metaslider metaslider-flex metaslider-835 ml-slider has-dots-nav ms-theme-default\" role=\"region\" aria-label=\"Munk\u00e1sHotel\" data-height=\"768\" data-width=\"1024\">\n    <div id=\"metaslider_container_835\">\n        <div id=\"metaslider_835\" class=\"flexslider\">\n            <ul class='slides'>\n                <li style=\"display: block; width: 100%;\" class=\"slide-837 ms-image \" aria-roledescription=\"slide\" data-date=\"2020-11-12 12:04:24\" data-filename=\"NMZ5382-scaled-1024x768.jpg\" data-slide-type=\"image\"><img loading=\"lazy\" decoding=\"async\" src=\"https:\/\/www.leszkft.hu\/wordpress\/wp-content\/uploads\/2020\/11\/NMZ5382-scaled-1024x768.jpg\" height=\"768\" width=\"1024\" alt=\"\" class=\"slider-835 slide-837 msDefaultImage\" title=\"NMZ5382\" \/><\/li>\n                <li style=\"display: none; width: 100%;\" class=\"slide-995 ms-image \" aria-roledescription=\"slide\" data-date=\"2020-12-02 09:36:35\" data-filename=\"kep_3-1024x768.jpg\" data-slide-type=\"image\"><img loading=\"lazy\" decoding=\"async\" src=\"https:\/\/www.leszkft.hu\/wordpress\/wp-content\/uploads\/2020\/12\/kep_3-1024x768.jpg\" height=\"768\" width=\"1024\" alt=\"\" class=\"slider-835 slide-995 msDefaultImage\" title=\"kep_3\" \/><\/li>\n                <li style=\"display: none; width: 100%;\" class=\"slide-997 ms-image \" aria-roledescription=\"slide\" data-date=\"2020-12-02 09:36:35\" data-filename=\"kep_4.jpg\" data-slide-type=\"image\"><img loading=\"lazy\" decoding=\"async\" src=\"https:\/\/www.leszkft.hu\/wordpress\/wp-content\/uploads\/2020\/12\/kep_4.jpg\" height=\"768\" width=\"1024\" alt=\"\" class=\"slider-835 slide-997 msDefaultImage\" title=\"kep_4\" \/><\/li>\n                <li style=\"display: none; width: 100%;\" class=\"slide-999 ms-image \" aria-roledescription=\"slide\" data-date=\"2020-12-02 09:36:35\" data-filename=\"kep_5.jpg\" data-slide-type=\"image\"><img loading=\"lazy\" decoding=\"async\" src=\"https:\/\/www.leszkft.hu\/wordpress\/wp-content\/uploads\/2020\/12\/kep_5.jpg\" height=\"768\" width=\"1024\" alt=\"\" class=\"slider-835 slide-999 msDefaultImage\" title=\"kep_5\" \/><\/li>\n                <li style=\"display: none; width: 100%;\" class=\"slide-1001 ms-image \" aria-roledescription=\"slide\" data-date=\"2020-12-02 09:36:35\" data-filename=\"kep_6-1024x768.jpg\" data-slide-type=\"image\"><img loading=\"lazy\" decoding=\"async\" src=\"https:\/\/www.leszkft.hu\/wordpress\/wp-content\/uploads\/2020\/12\/kep_6-1024x768.jpg\" height=\"768\" width=\"1024\" alt=\"\" class=\"slider-835 slide-1001 msDefaultImage\" title=\"kep_6\" \/><\/li>\n                <li style=\"display: none; width: 100%;\" class=\"slide-1003 ms-image \" aria-roledescription=\"slide\" data-date=\"2020-12-02 09:36:35\" data-filename=\"kep_7-1024x768.jpg\" data-slide-type=\"image\"><img loading=\"lazy\" decoding=\"async\" src=\"https:\/\/www.leszkft.hu\/wordpress\/wp-content\/uploads\/2020\/12\/kep_7-1024x768.jpg\" height=\"768\" width=\"1024\" alt=\"\" class=\"slider-835 slide-1003 msDefaultImage\" title=\"kep_7\" \/><\/li>\n                <li style=\"display: none; width: 100%;\" class=\"slide-1005 ms-image \" aria-roledescription=\"slide\" data-date=\"2020-12-02 09:36:36\" data-filename=\"kep_8-1024x768.jpg\" data-slide-type=\"image\"><img loading=\"lazy\" decoding=\"async\" src=\"https:\/\/www.leszkft.hu\/wordpress\/wp-content\/uploads\/2020\/12\/kep_8-1024x768.jpg\" height=\"768\" width=\"1024\" alt=\"\" class=\"slider-835 slide-1005 msDefaultImage\" title=\"kep_8\" \/><\/li>\n                <li style=\"display: none; width: 100%;\" class=\"slide-1991 ms-image \" aria-roledescription=\"slide\" data-date=\"2023-05-16 09:37:59\" data-filename=\"20190511_115340-scaled-1024x768.jpg\" data-slide-type=\"image\"><img loading=\"lazy\" decoding=\"async\" src=\"https:\/\/www.leszkft.hu\/wordpress\/wp-content\/uploads\/2023\/05\/20190511_115340-scaled-1024x768.jpg\" height=\"768\" width=\"1024\" alt=\"\" class=\"slider-835 slide-1991 msDefaultImage\" title=\"20190511_115340\" \/><\/li>\n                <li style=\"display: none; width: 100%;\" class=\"slide-1992 ms-image \" aria-roledescription=\"slide\" data-date=\"2023-05-16 09:37:59\" data-filename=\"20190510_133907-scaled-e1684229947601-1024x768.jpg\" data-slide-type=\"image\"><img loading=\"lazy\" decoding=\"async\" src=\"https:\/\/www.leszkft.hu\/wordpress\/wp-content\/uploads\/2023\/05\/20190510_133907-scaled-e1684229947601-1024x768.jpg\" height=\"768\" width=\"1024\" alt=\"\" class=\"slider-835 slide-1992 msDefaultImage\" title=\"20190510_133907\" \/><\/li>\n                <li style=\"display: none; width: 100%;\" class=\"slide-1993 ms-image \" aria-roledescription=\"slide\" data-date=\"2023-05-16 09:37:59\" data-filename=\"20190510_102829-scaled-1024x768.jpg\" data-slide-type=\"image\"><img loading=\"lazy\" decoding=\"async\" src=\"https:\/\/www.leszkft.hu\/wordpress\/wp-content\/uploads\/2023\/05\/20190510_102829-scaled-1024x768.jpg\" height=\"768\" width=\"1024\" alt=\"\" class=\"slider-835 slide-1993 msDefaultImage\" title=\"20190510_102829\" \/><\/li>\n                <li style=\"display: none; width: 100%;\" class=\"slide-1994 ms-image \" aria-roledescription=\"slide\" data-date=\"2023-05-16 09:37:59\" data-filename=\"NMZ5473-scaled-1024x768.jpg\" data-slide-type=\"image\"><img loading=\"lazy\" decoding=\"async\" src=\"https:\/\/www.leszkft.hu\/wordpress\/wp-content\/uploads\/2023\/05\/NMZ5473-scaled-1024x768.jpg\" height=\"768\" width=\"1024\" alt=\"\" class=\"slider-835 slide-1994 msDefaultImage\" title=\"_NMZ5473\" \/><\/li>\n                <li style=\"display: none; width: 100%;\" class=\"slide-1995 ms-image \" aria-roledescription=\"slide\" data-date=\"2023-05-16 09:37:59\" data-filename=\"NMZ5476-scaled-1024x768.jpg\" data-slide-type=\"image\"><img loading=\"lazy\" decoding=\"async\" src=\"https:\/\/www.leszkft.hu\/wordpress\/wp-content\/uploads\/2023\/05\/NMZ5476-scaled-1024x768.jpg\" height=\"768\" width=\"1024\" alt=\"\" class=\"slider-835 slide-1995 msDefaultImage\" title=\"_NMZ5476\" \/><\/li>\n                <li style=\"display: none; width: 100%;\" class=\"slide-1999 ms-image \" aria-roledescription=\"slide\" data-date=\"2023-05-16 09:41:28\" data-filename=\"NMZ5461-scaled-1024x768.jpg\" data-slide-type=\"image\"><img loading=\"lazy\" decoding=\"async\" src=\"https:\/\/www.leszkft.hu\/wordpress\/wp-content\/uploads\/2023\/05\/NMZ5461-scaled-1024x768.jpg\" height=\"768\" width=\"1024\" alt=\"\" class=\"slider-835 slide-1999 msDefaultImage\" title=\"_NMZ5461\" \/><\/li>\n                <li style=\"display: none; width: 100%;\" class=\"slide-1996 ms-image \" aria-roledescription=\"slide\" data-date=\"2023-05-16 09:37:59\" data-filename=\"NMZ5479-scaled-1024x768.jpg\" data-slide-type=\"image\"><img loading=\"lazy\" decoding=\"async\" src=\"https:\/\/www.leszkft.hu\/wordpress\/wp-content\/uploads\/2023\/05\/NMZ5479-scaled-1024x768.jpg\" height=\"768\" width=\"1024\" alt=\"\" class=\"slider-835 slide-1996 msDefaultImage\" title=\"_NMZ5479\" \/><\/li>\n                <li style=\"display: none; width: 100%;\" class=\"slide-1997 ms-image \" aria-roledescription=\"slide\" data-date=\"2023-05-16 09:37:59\" data-filename=\"NMZ5512-scaled-1024x768.jpg\" data-slide-type=\"image\"><img loading=\"lazy\" decoding=\"async\" src=\"https:\/\/www.leszkft.hu\/wordpress\/wp-content\/uploads\/2023\/05\/NMZ5512-scaled-1024x768.jpg\" height=\"768\" width=\"1024\" alt=\"\" class=\"slider-835 slide-1997 msDefaultImage\" title=\"_NMZ5512\" \/><\/li>\n            <\/ul>\n        <\/div>\n        \n    <\/div>\n<\/div>\r\n","protected":false},"excerpt":{"rendered":"<p>SZOLG\u00c1LTAT\u00c1SOK:\u2022 177 f\u00e9r\u0151hely t\u00f6bb t\u00edpus\u00fa szob\u00e1ban\u2022 24 \u00f3r\u00e1s portaszolg\u00e1lat\u2022 elektronikus bel\u00e9ptet\u0151 rendszer\u2022 lift \u00e9s modern biztons\u00e1gi berendez\u00e9sek (t\u0171z-, h\u0151- \u00e9s f\u00fcstjelz\u00e9s)\u2022 t\u00f6bb t\u00edpusszoba: apartmanok, k\u00e9t \u00e9s n\u00e9gy \u00e1gyas szob\u00e1k, egy \u00e1gyas szob\u00e1k\u2022 szintenk\u00e9nt 2 db k\u00f6z\u00f6s konyha, apartmanokban saj\u00e1t konyha\u2022 minden szoba saj\u00e1t f\u00fcrd\u0151szob\u00e1val \u00e9s mell\u00e9khelyis\u00e9ggel rendelkezik\u2022 k\u00f6z\u00f6ss\u00e9gi helyis\u00e9gek, t\u00e1rgyal\u00f3k, szabadid\u0151s helyis\u00e9g, terasz, saj\u00e1t udvar\u2022 &hellip; <a href=\"https:\/\/www.leszkft.hu\/wordpress\/munkashotel\/\" class=\"more-link\">Tov\u00e1bb olvasom: <span class=\"screen-reader-text\"><\/span><\/a><\/p>\n","protected":false},"author":1,"featured_media":1387,"parent":0,"menu_order":0,"comment_status":"closed","ping_status":"closed","template":"","meta":{"footnotes":""},"class_list":["post-801","page","type-page","status-publish","has-post-thumbnail","hentry"],"_links":{"self":[{"href":"https:\/\/www.leszkft.hu\/wordpress\/wp-json\/wp\/v2\/pages\/801","targetHints":{"allow":["GET"]}}],"collection":[{"href":"https:\/\/www.leszkft.hu\/wordpress\/wp-json\/wp\/v2\/pages"}],"about":[{"href":"https:\/\/www.leszkft.hu\/wordpress\/wp-json\/wp\/v2\/types\/page"}],"author":[{"embeddable":true,"href":"https:\/\/www.leszkft.hu\/wordpress\/wp-json\/wp\/v2\/users\/1"}],"replies":[{"embeddable":true,"href":"https:\/\/www.leszkft.hu\/wordpress\/wp-json\/wp\/v2\/comments?post=801"}],"version-history":[{"count":7,"href":"https:\/\/www.leszkft.hu\/wordpress\/wp-json\/wp\/v2\/pages\/801\/revisions"}],"predecessor-version":[{"id":2375,"href":"https:\/\/www.leszkft.hu\/wordpress\/wp-json\/wp\/v2\/pages\/801\/revisions\/2375"}],"wp:featuredmedia":[{"embeddable":true,"href":"https:\/\/www.leszkft.hu\/wordpress\/wp-json\/wp\/v2\/media\/1387"}],"wp:attachment":[{"href":"https:\/\/www.leszkft.hu\/wordpress\/wp-json\/wp\/v2\/media?parent=801"}],"curies":[{"name":"wp","href":"https:\/\/api.w.org\/{rel}","templated":true}]}}