{"id":927,"date":"2020-12-01T13:48:22","date_gmt":"2020-12-01T13:48:22","guid":{"rendered":"http:\/\/www.leszkft.hu\/wordpress\/?page_id=927"},"modified":"2024-05-02T12:08:41","modified_gmt":"2024-05-02T12:08:41","slug":"fenykepek","status":"publish","type":"page","link":"https:\/\/www.leszkft.hu\/wordpress\/fenykepek\/","title":{"rendered":""},"content":{"rendered":"<h4>Az al\u00e1bbiakban tev\u00e9kenys\u00e9geinkre jellemz\u0151 k\u00e9peket tekinthet meg (felt\u00f6lt\u00e9s alatt).<\/h4>\n<div class=\"responsive\">\n<div class=\"gallery\"><a href=\"https:\/\/www.leszkft.hu\/wordpress\/epitogaleria\/\" rel=\"noopener noreferrer\"><br \/>\n<img loading=\"lazy\" decoding=\"async\" src=\"https:\/\/www.leszkft.hu\/wordpress\/wp-content\/uploads\/2021\/10\/DSC08243-Kozepes.jpg\" alt=\"\u00c9p\u00edt\u0151ipar\" width=\"600\" height=\"300\" \/><br \/>\n<\/a><\/p>\n<div class=\"desc\">\u00c9p\u00edt\u0151ipar<\/div>\n<\/div>\n<\/div>\n<div class=\"responsive\">\n<div class=\"gallery\"><a href=\"https:\/\/www.leszkft.hu\/wordpress\/tarsashazkezeles-galeria\/\" rel=\"noopener noreferrer\"><br \/>\n<img loading=\"lazy\" decoding=\"async\" src=\"http:\/\/www.leszkft.hu\/wordpress\/wp-content\/uploads\/2021\/01\/kozoskepviselet.jpg\" alt=\"T\u00e1rsash\u00e1zak\" width=\"600\" height=\"300\" \/><br \/>\n<\/a><\/p>\n<div class=\"desc\">K\u00f6z\u00f6s k\u00e9pviselet<\/div>\n<\/div>\n<\/div>\n<div class=\"responsive\">\n<div class=\"gallery\"><a href=\"https:\/\/www.leszkft.hu\/wordpress\/tarsashazak-galeria\/\" rel=\"noopener noreferrer\"><br \/>\n<img loading=\"lazy\" decoding=\"async\" src=\"http:\/\/www.leszkft.hu\/wordpress\/wp-content\/uploads\/2021\/01\/tarsashazak.jpg\" alt=\"T\u00e1rsash\u00e1zak\" width=\"600\" height=\"300\" \/><br \/>\n<\/a><\/p>\n<div class=\"desc\">T\u00e1rsash\u00e1zak<\/div>\n<\/div>\n<\/div>\n<div class=\"responsive\">\n<div class=\"gallery\"><a href=\"https:\/\/www.leszkft.hu\/wordpress\/onkormanyzati-ingatlanok-galeria\/\" rel=\"noopener noreferrer\"><br \/>\n<img loading=\"lazy\" decoding=\"async\" src=\"http:\/\/www.leszkft.hu\/wordpress\/wp-content\/uploads\/2021\/10\/DSC08168-Kozepes-300x225.jpg\" alt=\"\" width=\"600\" height=\"300\" \/><br \/>\n<\/a><\/p>\n<div class=\"desc\">\u00d6nkorm\u00e1nyzati ingatlanok<\/div>\n<\/div>\n<\/div>\n<div class=\"responsive\">\n<div class=\"gallery\"><a href=\"https:\/\/www.leszkft.hu\/wordpress\/munkashotel\/\" target=\"_self\" rel=\"noopener noreferrer\"><br \/>\n<img loading=\"lazy\" decoding=\"async\" src=\"http:\/\/www.leszkft.hu\/wordpress\/wp-content\/uploads\/2021\/01\/munkashotel.jpg\" alt=\"Munk\u00e1shotel\" width=\"600\" height=\"300\" \/><br \/>\n<\/a><\/p>\n<div class=\"desc\">Munk\u00e1shotel<\/div>\n<\/div>\n<\/div>\n<div class=\"responsive\">\n<div class=\"gallery\"><a href=\"https:\/\/www.leszkft.hu\/wordpress\/tv-torony-es-telephely-galeria\/\"><img loading=\"lazy\" decoding=\"async\" class=\"aligncenter wp-image-2154 size-large\" src=\"https:\/\/www.leszkft.hu\/wordpress\/wp-content\/uploads\/2024\/04\/434831625_804532478370178_1622648845348954405_n-1024x443.jpg\" alt=\"Tv torony\" width=\"660\" height=\"286\" srcset=\"https:\/\/www.leszkft.hu\/wordpress\/wp-content\/uploads\/2024\/04\/434831625_804532478370178_1622648845348954405_n-1024x443.jpg 1024w, https:\/\/www.leszkft.hu\/wordpress\/wp-content\/uploads\/2024\/04\/434831625_804532478370178_1622648845348954405_n-300x130.jpg 300w, https:\/\/www.leszkft.hu\/wordpress\/wp-content\/uploads\/2024\/04\/434831625_804532478370178_1622648845348954405_n-768x332.jpg 768w, https:\/\/www.leszkft.hu\/wordpress\/wp-content\/uploads\/2024\/04\/434831625_804532478370178_1622648845348954405_n-1536x664.jpg 1536w, https:\/\/www.leszkft.hu\/wordpress\/wp-content\/uploads\/2024\/04\/434831625_804532478370178_1622648845348954405_n.jpg 1600w\" sizes=\"auto, (max-width: 660px) 100vw, 660px\" \/><\/a><\/p>\n<div class=\"desc\">Bazitai TV-torony<\/div>\n<\/div>\n<\/div>\n","protected":false},"excerpt":{"rendered":"<p>Az al\u00e1bbiakban tev\u00e9kenys\u00e9geinkre jellemz\u0151 k\u00e9peket tekinthet meg (felt\u00f6lt\u00e9s alatt). \u00c9p\u00edt\u0151ipar K\u00f6z\u00f6s k\u00e9pviselet T\u00e1rsash\u00e1zak \u00d6nkorm\u00e1nyzati ingatlanok Munk\u00e1shotel Bazitai TV-torony<\/p>\n","protected":false},"author":1,"featured_media":0,"parent":0,"menu_order":0,"comment_status":"closed","ping_status":"closed","template":"","meta":{"footnotes":""},"class_list":["post-927","page","type-page","status-publish","hentry"],"_links":{"self":[{"href":"https:\/\/www.leszkft.hu\/wordpress\/wp-json\/wp\/v2\/pages\/927","targetHints":{"allow":["GET"]}}],"collection":[{"href":"https:\/\/www.leszkft.hu\/wordpress\/wp-json\/wp\/v2\/pages"}],"about":[{"href":"https:\/\/www.leszkft.hu\/wordpress\/wp-json\/wp\/v2\/types\/page"}],"author":[{"embeddable":true,"href":"https:\/\/www.leszkft.hu\/wordpress\/wp-json\/wp\/v2\/users\/1"}],"replies":[{"embeddable":true,"href":"https:\/\/www.leszkft.hu\/wordpress\/wp-json\/wp\/v2\/comments?post=927"}],"version-history":[{"count":0,"href":"https:\/\/www.leszkft.hu\/wordpress\/wp-json\/wp\/v2\/pages\/927\/revisions"}],"wp:attachment":[{"href":"https:\/\/www.leszkft.hu\/wordpress\/wp-json\/wp\/v2\/media?parent=927"}],"curies":[{"name":"wp","href":"https:\/\/api.w.org\/{rel}","templated":true}]}}